= 24. Let u be 16 - -2 - l/(-3). Calculate the highest common factor of u and 4.
4
Suppose 4*x + 4*b = 148, 4*x + 3*b - 146 + 2 = 0. What is the greatest common divisor of 22 and x?
11
Let s(a) = -8*a - 12. Let d be s(-10). Let r = 158 - d. What is the greatest common factor of r and 10?
10
Suppose -5*l + 15 = -0. Suppose 134 = l*q - 4*n, -3*n = 4*q - 0*n - 162. Suppose -3*x + 39 = -45. Calculate the highest common factor of x and q.
14
Suppose 0 = -28*a + 29*a - 110. Calculate the greatest common divisor of 44 and a.
22
Let i = 8 - 2. Let f = 2 - -1. Suppose i*r - 9 = f*r. What is the greatest common divisor of 24 and r?
3
Let j = 3 + -1. Suppose 100 = -2*q - j*q. Let f = 42 + q. Calculate the greatest common factor of f and 187.
17
Let t be 1/(1/(-33)*-1). Let r be (22/(-2))/((-2)/4). What is the highest common divisor of t and r?
11
Let x(d) = d + 49. Let i be x(0). What is the highest common divisor of i and 7?
7
Suppose -2*m - 66 = -3*m + 5*v, v + 2 = 0. What is the highest common divisor of m and 7?
7
Let r(h) = -h**3 + 7*h**2 + 3. Let l be r(7). Let k be l/(2 - 314/160). What is the greatest common divisor of k and 10?
10
Let h = 7 + -2. Let l(a) = -a**3 + 3*a**2 + 3. Let o be l(3). Suppose 4*r + 2*b - 50 + 6 = 0, -5*r + 56 = o*b. What is the greatest common factor of r and h?
5
Let b be (2/(-3))/((-2)/6). Suppose -b*o + 18 = -0*o. Let c be (0 - (2 - 2)) + 99. What is the highest common factor of o and c?
9
Let i = -3 + 1. Let u be ((184/2)/(-2))/i. Suppose 0 = 3*x - h - 0*h - 32, -h = -2*x + u. Calculate the highest common factor of x and 1.
1
Let g be 1/3 + (-1672)/(-24). What is the greatest common divisor of 10 and g?
10
Let a = -16 - -91. Let z(s) = 14*s**3 + s**2 + s - 1. Let y be -7 + 5 - -3*1. Let o be z(y). Calculate the greatest common divisor of o and a.
15
Let k = -2 - -3. Suppose 53 = -4*c + 85. Calculate the greatest common divisor of c and k.
1
Let t be (1/(-2))/(359/60 - 6). Calculate the greatest common factor of 105 and t.
15
Let o be 7 + (1 + -2 - 1). Suppose -g - v = -3*g + 83, -o*v = g - 14. Calculate the highest common divisor of 26 and g.
13
Suppose 3*b + 171 = 4*b. Calculate the greatest common factor of b and 19.
19
Let c be (-7)/(-2)*8/14. Suppose -c*p + 0*p = -8. What is the greatest common divisor of p and 32?
4
Let v = 1 + 2. Suppose 4*g - 17 = v. Suppose 4*r = 2*r + 110. Calculate the highest common divisor of g and r.
5
Let i be (1 + -1)/(2 - 3). Suppose -l - 4 = -n - 23, i = 5*l + 3*n - 63. Calculate the greatest common factor of l and 105.
15
Let w be 1/(-4) + (291/12)/1. What is the greatest common factor of w and 96?
24
Suppose o - 3 + 0 = 0. Suppose -3*c + o*x + 102 = 0, 2*c + 2*x - 9 = 59. Let k = c + -24. What is the greatest common divisor of k and 5?
5
Let o be 10514/56 + 1/4. Suppose -3*d = 3*n - 0*n - 192, -2*n + o = 3*d. Suppose 5*h - 44 = 6. What is the greatest common factor of d and h?
10
Suppose 3*u = 3*o + 30, u + 2*o = 2*u - 9. Suppose 4*w = -20 + 4, 2*t + 202 = -4*w. Let z = -16 - t. What is the greatest common divisor of u and z?
11
Suppose -549 = -0*f + 3*f. Let u = f + 327. Suppose -25 = 4*b - 89. What is the highest common factor of b and u?
16
Let w be (17*(-2)/8)/(3/(-12)). Calculate the greatest common factor of w and 85.
17
Let f(l) = -l + 10. Let m be f(0). Let q = 7 - 5. Let j be 84/m - q/5. What is the greatest common factor of j and 64?
8
Let w be 9/6 + (-1)/(-2). Suppose 3*o + 11 = 3*j + w*o, 13 = 5*j - 3*o. Let m be 336/10 - 3/j. What is the highest common factor of m and 11?
11
Suppose -35 = 5*v - 3*c, 3*c - 3 - 20 = 2*v. Let u = -3 - v. Let p(s) = -s + 11. Let z be p(6). Calculate the highest common factor of z and u.
1
Let f(g) = g**2 - 8*g + 2. Let c be f(11). Calculate the greatest common factor of c and 7.
7
Let u(a) = 47*a. Let v be u(2). Let c = -67 + v. Let l(b) = b**2 + 6*b + 2. Let q be l(-7). What is the greatest common divisor of c and q?
9
Let b be 2 + (-1 - 1 - -81). What is the greatest common factor of 9 and b?
9
Let m(i) = -4*i**3 - 2*i**2 + i + 2. Let h be m(-1). Calculate the highest common divisor of 27 and h.
3
Let r = 37 - 9. What is the greatest common factor of r and 28?
28
Let p = 39 + -22. Let x = p + -13. Calculate the greatest common divisor of x and 20.
4
Suppose -u + 8 = u. Suppose 0 = 2*k - 2*l + 10, 5*l - u = -k + 3. Let w = -2 - k. Calculate the highest common factor of w and 9.
1
Let l be 54/10 + (-9)/(-15). Let v(q) = 16*q - 4. Let f be v(4). Suppose f = 3*p + p. Calculate the highest common factor of p and l.
3
Suppose 3*v - 8 = 4. Calculate the highest common factor of 6 and v.
2
Let d = -60 - -141. Calculate the highest common factor of d and 54.
27
Let b be ((-10)/6)/(3/(-36)) - -4. What is the greatest common divisor of b and 120?
24
Let f be (-22)/4*(8 - 26). What is the highest common factor of 9 and f?
9
Suppose -5*n + 2 + 158 = 0. Let y = n + -16. Let j be y*((1 - 2) + 3). What is the highest common divisor of 48 and j?
16
Let b be ((-39)/26)/(3/(-8)). Suppose -327 - 281 = -b*m. What is the highest common divisor of 19 and m?
19
Suppose -25 = -b - 13. What is the greatest common divisor of 36 and b?
12
Suppose l - w - 4*w = -20, -15 = l - 4*w. Suppose -l*q - 27 = -3*t, -13 = -2*t + 4*q + q. Calculate the highest common divisor of 42 and t.
14
Let c be (-2)/1 - 338/(-13). Calculate the highest common factor of 12 and c.
12
Suppose 0 = -31*s + 27*s + 200. Calculate the greatest common divisor of s and 250.
50
Let f(p) = 3*p - 4. Suppose -r - 2 = -5. Let h be f(r). What is the highest common factor of 15 and h?
5
Let k be 2/4*32/(-4). Let f = k - -9. Suppose 0 = -f*v + 23 + 2. Calculate the highest common factor of v and 1.
1
Let y be (72/(-45))/(2/(-345)). Suppose 6*d - 3*d + 118 = 2*f, -y = -4*f - 4*d. What is the highest common factor of f and 13?
13
Let s(i) = -9*i + 53. Let u be s(5). Calculate the greatest common factor of u and 52.
4
Let k(n) = -n**3 + 2*n**2 + 3*n - 3. Let f be k(4). Let m = -11 - f. What is the highest common divisor of 12 and m?
12
Let h be 1576/28 - (-2)/(-7). Suppose -4*g - 4*c + 11 + 9 = 0, c + 23 = 3*g. What is the greatest common divisor of h and g?
7
Let a(d) = -d**3 + 3*d**2 + 2*d - 4. Let q be a(3). Suppose 0 = q*n + 5 + 25. Let x be ((-9)/n - 1)*-90. Calculate the highest common factor of 12 and x.
12
Suppose -2*p - 5*i = -21, 5*i + 0 - 13 = -p. Calculate the greatest common factor of 1 and p.
1
Suppose 0*z = 5*z - 70. Suppose 4*b + 2*k - 60 = 0, -7*b + 66 = -3*b + 5*k. What is the highest common factor of b and z?
14
Let p(f) = -3*f - 1. Let o be p(-2). Suppose 4*t + 67 = o*t. Suppose 2*l - 17 = t. Calculate the greatest common divisor of l and 6.
6
Let y(t) = -16*t. Let j be y(-10). Suppose -v + j = v. Suppose 2*q + 5*a - 69 = 0, 0 = -q + 3*a + 25 + 4. What is the highest common factor of q and v?
16
Let n(i) = i**2 - i. Let f be n(0). Suppose 3 + 23 = 5*c - k, f = -k + 4. Calculate the greatest common factor of c and 12.
6
Let h(f) = f**2 - 7*f - 21. Let v be h(10). Calculate the highest common factor of 117 and v.
9
Suppose 2*a - 86 = -2*v, 6*a - 40 = -v + 2*a. Suppose 2*b - 625 = -3*b. Let o = -59 + b. What is the highest common factor of v and o?
22
Suppose -200 + 68 = -4*y. Let q(f) = 2*f**2 + 4*f. Let g be q(-6). Let u = g - y. What is the greatest common divisor of 15 and u?
15
Let h = 29 + -20. Let n(d) = -d**2 + 10*d - 4. Let l be n(h). Suppose -l*o + 57 + 13 = 0. What is the greatest common divisor of 2 and o?
2
Let j(i) = -i**3 - 5*i**2 + 6*i + 3. Let a be j(-6). Let z be (-2)/(6/(-63)*a). What is the greatest common factor of 7 and z?
7
Let w(b) = b**3 - 9*b**2 + 2*b - 6. Let q be w(9). Calculate the highest common divisor of 4 and q.
4
Let z(m) = -3*m + 10 - m + 3*m. Let s(d) = -1. Let p(i) = 3*s(i) + z(i). Let r be p(-5). Calculate the greatest common factor of 12 and r.
12
Let g = 0 - -1. Let f be -1*(g + -1)*1. Suppose 3*y + 2*p - 55 = f, -5*y + 2*p = -0*y - 65. Calculate the highest common factor of y and 135.
15
Let k(d) = d**2 - 1. Let u be k(-4). What is the greatest common divisor of u and 15?
15
Let d be ((-2)/6)/(4/84). Let x be (d - -6)/(1/(-5)). Suppose -8 = -2*r + 2*i, -5*r + x*i = -2*r - 18. What is the highest common divisor of 8 and r?
1
Suppose -4*p = -3*p - v 